) = f**3 + 3*f**2 + 3. Let z be h(-3). Suppose -z*n + 5*n - 2 = 0. Let u = n - -15. What are the prime factors of u?
2
Let z = 62 + -90. Let h = z + 77. What are the prime factors of h?
7
Let i(d) = 5*d**2 - 1. What are the prime factors of i(-2)?
19
Let j(g) = g + 3. What are the prime factors of j(14)?
17
Let x = 144 - 123. List the prime factors of x.
3, 7
Let z be (60/(-75))/(1/(-15)). Let v = z + 11. List the prime factors of v.
23
Let d = -48 + 67. What are the prime factors of d?
19
Suppose -5*t + 14 = 4. Let u(q) = 2*q - 2*q**2 + 0*q**2 + 3*q**t + 4*q. List the prime factors of u(-8).
2
Let n = 265 - 183. List the prime factors of n.
2, 41
Let g(d) = -7*d**3 + 2*d**2 + d. Suppose 0 = -3*j - 0*j + 9. Suppose 5*h = -2*x - 13, 2*x + 20 = -j*x. List the prime factors of g(h).
2
Let n(f) = f**3 - 6*f**2 - 4*f - 1. Let w be n(6). Let i = w + 42. List the prime factors of i.
17
Let t(i) = -i**3 + 11*i**2 + 12*i + 2. Let f be t(12). Let c(u) = -19*u - 4. Let l(x) = -6*x - 1. Let o(b) = 6*c(b) - 21*l(b). List the prime factors of o(f).
3, 7
Let u(i) = i - 5. Let w(n) = 4. Let a(z) = -3*u(z) - 2*w(z). What are the prime factors of a(-7)?
2, 7
Let z = -8 - -11. Suppose 5*c - 2*r = 2*c + 30, z*r = -4*c + 40. What are the prime factors of c?
2, 5
Suppose 3*a = 5*d + 163, 4*a - d - 221 + 15 = 0. List the prime factors of a.
3, 17
Let n(y) = 8*y**2 + 4*y - 35. List the prime factors of n(-8).
5, 89
Suppose -5*z + 8 + 12 = 5*q, -z = 3*q - 4. Suppose -69 = -5*j + z*g, 0*j + 5*g = -5*j + 60. List the prime factors of j.
13
Suppose -4*i + 15 = i. Let r(v) = v**i - 5*v + 1 - 6*v**2 + v**2 + 10*v. List the prime factors of r(4).
5
Suppose 2 - 614 = -4*m. List the prime factors of m.
3, 17
Let j = -89 - -92. What are the prime factors of j?
3
Let z(y) = y**3 + 11*y**2 - 20*y + 18. List the prime factors of z(-10).
2, 3, 53
Suppose 0 = -13*u - 474 + 1449. List the prime factors of u.
3, 5
Let g(v) = v. Let m(f) = 8*f - 2. Let w(t) = 10*g(t) - m(t). Let u be w(2). Let b(p) = p**2 - 3*p - 6. List the prime factors of b(u).
2, 3
Suppose 0 = s + 3*k - 14, -6*k + 35 = 4*s - k. Let n = s - 3. List the prime factors of (44/(-8))/(n/(-4)).
11
Let s(n) = -2*n**2 - 11*n + 8. Let j(l) = -l**2 + 1. Let m(h) = 3*j(h) - s(h). What are the prime factors of m(9)?
13
Let u = 20 + -9. What are the prime factors of u?
11
Let r = -52 + 46. Let a be (2/4)/(1/(-2)). Let z = a - r. List the prime factors of z.
5
Let v(f) = -3*f + 32. List the prime factors of v(4).
2, 5
Suppose -5*w + 16 = -2*k + 5*k, -4*k + 3*w = -2. Suppose o - 3 + k = 2*l, -3*l = 5*o + 8. List the prime factors of o/(0 + -1)*5.
5
Suppose 29 = 3*m - 7. Let g be 2*3/m*2. Suppose -20 = 5*j, 1 + g = a + 4*j. What are the prime factors of a?
2, 3
Suppose 4*w = -4*k - 20 + 84, 5*k - 71 = 4*w. Suppose -5 = a + m - 0, -3*m = -2*a + k. Suppose -z + 21 - 6 = a. List the prime factors of z.
3, 5
What are the prime factors of -3*(-1)/1 + 50?
53
Let j = 12 + -18. List the prime factors of ((-20)/(-6))/(j/(-9)).
5
Suppose -v + 3 = -99. List the prime factors of v.
2, 3, 17
Suppose 4*c - n = -3, -n + 2*n = -5*c - 6. List the prime factors of 5*2/((-2)/c).
5
Suppose 5*n + 30 + 40 = 0. Let s be 9/(-7) + (-4)/n. What are the prime factors of 4 + -2 + 0/s?
2
Let p = -2 - -1. What are the prime factors of (7 - 5)/(p/(-4))?
2
Let d(p) = p**3 + 7*p**2 + 6*p + 7. Let w be d(-6). Let l be 2/w + 38/14. Suppose v + 5*i + l = 0, 8 = 5*v - 3*i + 5*i. List the prime factors of v.
2
What are the prime factors of 5 - (-3 + 5/1)?
3
Let r = 125 - 59. What are the prime factors of r?
2, 3, 11
Let l(d) = -d + 12. Suppose -n - 5*m = 25, 3*m = -2*n + 4*n - 15. Let z be n*(3/6 - 1). What are the prime factors of l(z)?
2, 3
Let m(o) = -14*o - 25. List the prime factors of m(-15).
5, 37
Suppose 2*p - 5 = 7. Let g(o) = -o**3 + 7*o**2 - 5*o - 8. Let r be g(p). Let w = r + 15. List the prime factors of w.
13
Suppose -4*t + 5*a = -70, -4*t + 43 = a - 15. What are the prime factors of t?
3, 5
Let q be (-468)/((-12)/4) - 1. Suppose -3*b = 2*b - q. List the prime factors of b.
31
Suppose -2*w - 19 = -3*r, -2*w - 28 = -4*r + 2*w. Suppose 2*o = -4*s + s + 24, -r*o + 5*s = -10. Let x(d) = d + 1. List the prime factors of x(o).
7
Suppose 4*c + 0 = 180. What are the prime factors of c?
3, 5
List the prime factors of (-2 - 210)*(-7)/14.
2, 53
Let x(d) = -d**2 + 5*d - 4. Let a(n) = 4*n**2 + 2*n + 1. Let r be a(-1). What are the prime factors of x(r)?
2
Let x(r) = -r**3 - 4*r**2 + 5*r + 9. Let q be x(-5). Let m(b) = b**3 - 9*b**2 + 7*b - 20. What are the prime factors of m(q)?
43
Let s = 32 - 6. Let m = -16 + s. List the prime factors of m.
2, 5
Let z be (208/(-10))/(10/(-50)). Suppose -2*n - z = -4*n. Suppose -5*y = -y - n. List the prime factors of y.
13
Suppose 3*f - 41 = -17. Let m = f + -5. What are the prime factors of m?
3
Let j(w) = -7*w + 2. Let f(o) = -8*o + 1. Let x(n) = -5*f(n) + 6*j(n). Let d(g) = -g + 1. Let p be d(7). What are the prime factors of x(p)?
19
Let s = 109 - 42. List the prime factors of s.
67
Suppose 16 = -2*y + 2*b - 4, 0 = y + 2*b + 1. Let a(w) = w**2 + 5*w + 8. Let c be a(y). Suppose 13 + c = 5*r. What are the prime factors of r?
7
Let y(k) = -k + 1. Let v(q) = -3*q - 1. Let o(c) = v(c) - 6*y(c). Let x be o(6). Suppose -2*l = 5 - x. List the prime factors of l.
3
Let j = -3 - 0. Let b = j - -9. What are the prime factors of b?
2, 3
Suppose 103 = 2*s + 15. List the prime factors of s.
2, 11
Suppose -q - q = -2, 3*k - 4*q = 116. List the prime factors of k.
2, 5
Suppose 0*m + 3*m = 15. Suppose 5*r = 15 - m. Suppose 3*n - 30 = -r*n. What are the prime factors of n?
2, 3
Suppose 5*j + 80 = 2*t, -4*j - 99 - 135 = -5*t. What are the prime factors of t?
2, 5
Suppose c + 14 = -c. Let s be -1*5*c*1. Suppose -4*a - a = -s. List the prime factors of a.
7
Let w be 723/(-7) - 2/(-7). Let r = -35 - w. Suppose x = -3*x + r. List the prime factors of x.
17
Let v be (-2552)/(-20) - (-4)/10. Suppose 280 = -4*m - v. What are the prime factors of (0 + 1)/((-6)/m)?
17
Let q(v) = -v - 1. Let w be q(-2). Suppose a - 7 + w = 0. What are the prime factors of a?
2, 3
List the prime factors of 8*((-11)/(-4) - 2).
2, 3
Let p(k) = k**2 - k + 6. Let j be p(0). Suppose 0 = -j*c + 3*c - s + 119, 5*s + 5 = 0. Suppose -4*g = 8, -4*m + 5*g = m - c. List the prime factors of m.
2, 3
Let r be 136/(-10) - 12/30. Let m = r + 28. List the prime factors of m.
2, 7
Let o(i) = 3*i**2 + 5*i + 5. What are the prime factors of o(-7)?
3, 13
Let n(y) = -y**2 - 6*y + 4. Let a be n(-6). Let x = 7 - a. Suppose 4*v - v - c - 51 = 0, 0 = -x*v + 3*c + 57. What are the prime factors of v?
2
Let h be (0 - -4)*(-4)/(-8). Suppose -7*c + 65 = -h*c. List the prime factors of c.
13
Let f = 41 - 23. List the prime factors of f.
2, 3
Let u = -5 - -7. Let q(d) = 2*d - 1. What are the prime factors of q(u)?
3
Let w(t) = 8*t**3 - 3*t**2 + 2*t - 1. List the prime factors of w(2).
5, 11
Suppose 20 = -4*u - 5*t, 5*u + t = 6*t + 20. Let i = u + 1. List the prime factors of (i - (2 - 2))*4.
2
Let l be ((-855)/27)/(1/(-3)). Suppose 0 = -6*a + a + l. List the prime factors of a.
19
Let s = 87 + -32. What are the prime factors of s?
5, 11
Let d be ((-8)/10)/((-1)/5). Suppose -c = 4*c - d*p - 93, 0 = -2*c + 3*p + 33. What are the prime factors of c?
3, 7
Let g = -26 - -33. List the prime factors of g.
7
Let o(p) = p**3 - 3*p**2 + 2*p - 1. Let v be o(3). Let h(u) = u**3 - 4*u**2 + 5*u - 12. What are the prime factors of h(v)?
2, 19
Suppose 0 = -5*q - u + 10, -5*u + 0 = q - 2. Suppose 27 = q*c - 25. What are the prime factors of c?
2, 13
List the prime factors of (-46 - (3 + 0))*24/(-7).
2, 3, 7
List the prime factors of -1 - (2 - (38 + 1)).
2, 3
Let l be (-10)/55 - 431/(-11). Suppose 3*f - 6*f = -l. List the prime factors of f.
13
Suppose 2*q - 44 = 4*o, 51 = 2*q + 3*o - 21. What are the prime factors of q?
2, 3, 5
Suppose -5*m - 14 = k + 10, -3*k + m = -8. Let j(x) = -18*x**3 + 1. Let v be j(-1). Let b = v - k. What are the prime factors of b?
2, 3
Let i = -6 - -11. Suppose 15 = 5*o + i, 5*o - 22 = -4*k. Suppose -3*j + u = 4*u - 18, -k*u = -3*j. List the prime factors of j.
3
Let k(c) = 2*c**2 - 5*c - 4. List the prime factors of k(-3).
29
What are the prime factors of 3/(-7) - (-5088)/112?
3, 5
Let y b